-- phpMyAdmin SQL Dump
-- version 3.5.2.2
-- http://www.phpmyadmin.net
--
-- Host: 127.0.0.1
-- Generation Time: May 28, 2013 at 04:02 PM
-- Server version: 5.5.27
-- PHP Version: 5.4.7

SET SQL_MODE="NO_AUTO_VALUE_ON_ZERO";
SET time_zone = "+00:00";


/*!40101 SET @OLD_CHARACTER_SET_CLIENT=@@CHARACTER_SET_CLIENT */;
/*!40101 SET @OLD_CHARACTER_SET_RESULTS=@@CHARACTER_SET_RESULTS */;
/*!40101 SET @OLD_COLLATION_CONNECTION=@@COLLATION_CONNECTION */;
/*!40101 SET NAMES utf8 */;

--
-- Database: `lapart`
--

-- --------------------------------------------------------

--
-- Table structure for table `blokada`
--

CREATE TABLE IF NOT EXISTS `blokada` (
  `idblokada` int(11) NOT NULL AUTO_INCREMENT,
  `nazwa` varchar(45) NOT NULL,
  `uwagi_1` text,
  `uwagi_2` text,
  PRIMARY KEY (`idblokada`),
  UNIQUE KEY `idblokada_UNIQUE` (`idblokada`)
) ENGINE=InnoDB  DEFAULT CHARSET=latin2 AUTO_INCREMENT=5 ;

--
-- Dumping data for table `blokada`
--

INSERT INTO `blokada` (`idblokada`, `nazwa`, `uwagi_1`, `uwagi_2`) VALUES
(1, 'Blokada 1', ' ', ' '),
(2, 'blokada 2', ' ', ' '),
(3, 'blokada 3', ' ', ' '),
(4, 'ŻADNA', NULL, NULL);

-- --------------------------------------------------------

--
-- Table structure for table `czesc`
--

CREATE TABLE IF NOT EXISTS `czesc` (
  `idczesci` int(11) NOT NULL AUTO_INCREMENT,
  `kod_kreskowy` varchar(45) NOT NULL,
  `nazwa` varchar(45) NOT NULL,
  `nr_seryjny` varchar(45) DEFAULT NULL,
  `termin_gwarancji` date DEFAULT NULL,
  `parametr_1` varchar(45) DEFAULT NULL,
  `parametr_2` varchar(45) DEFAULT NULL,
  `parametr_3` varchar(45) DEFAULT NULL,
  `blokada_idblokada` int(11) NOT NULL,
  `PRODUCENCI_ID_PRODUCENCI` int(11) NOT NULL,
  PRIMARY KEY (`idczesci`),
  UNIQUE KEY `idczesci_UNIQUE` (`idczesci`),
  UNIQUE KEY `kod_kreskowy_UNIQUE` (`kod_kreskowy`),
  UNIQUE KEY `nr_seryjny_UNIQUE` (`nr_seryjny`),
  KEY `fk_czesc_blokada1_idx` (`blokada_idblokada`),
  KEY `fk_czesc_PRODUCENCI1_idx` (`PRODUCENCI_ID_PRODUCENCI`)
) ENGINE=InnoDB  DEFAULT CHARSET=latin2 AUTO_INCREMENT=54 ;

--
-- Dumping data for table `czesc`
--

INSERT INTO `czesc` (`idczesci`, `kod_kreskowy`, `nazwa`, `nr_seryjny`, `termin_gwarancji`, `parametr_1`, `parametr_2`, `parametr_3`, `blokada_idblokada`, `PRODUCENCI_ID_PRODUCENCI`) VALUES
(1, '126222', 'czesc 3', '12-qqq-33', NULL, 'param 1', 'param 2', 'param3', 3, 3),
(2, '456', 'pĹyta gĹĂłwna', 'we23', NULL, '', '', '', 1, 1),
(3, '1233', 'test', '1233', '2013-05-15', '333', 'ee', 'ee', 1, 4),
(4, '85477575', 'Dysk twardy ATA', '6546666', '2014-08-16', '200GB', '5400obr', '32db', 1, 7),
(5, '7567777', 'Matryca', '3345555', '2013-09-13', '15,6', '6ms', '', 1, 13),
(6, '8684452', 'NapÄd DVD', '979000786', '2013-12-14', '52x12x24', 'DVD+R, DVD-R, DVD+RW', 'Lightscribe', 1, 13),
(7, '6643322', 'PamiÄÄ RAM', '949383786', '2014-03-14', '1GB', 'DDR3', '', 1, 13),
(8, '9754345', 'Wentylator', '753455555', '2014-06-18', 'wolnoobrotowy', '12db', '', 1, 13),
(9, '864334', 'Procesor Intel Pentium 4', '979900004442344', '2014-08-28', '3200Mhz', '', '', 1, 7),
(10, '86423', 'Procesor Core i3', '657900040455', '2014-08-28', '2x2.6Ghz', '', '', 1, 7),
(11, '698494994994', 'Klawiatura', '5000053099300102', '2014-10-10', 'PodĹwietlenie LED', '', '', 1, 15),
(12, '6876834555', 'Karta graficzna AMD Radeon 6750M', '45645646499000', '2015-01-24', '512MB', '', '', 1, 4),
(13, '59834858585', 'ModuĹ Wifi', '03405059599000059', '2013-05-23', 'b/g/n', '300Mbit', '', 1, 6),
(14, '2658740002', 'Matryca LED', '85360000157', '2014-01-09', '15,6', '', '', 1, 12),
(15, '124578963', 'Bateria BIOS', '369852', '2013-07-13', '', '', '', 1, 13),
(16, '852963123', 'Zasilacz', 'ATB289', '2014-05-10', '12V', '', '', 1, 7),
(17, '48641857', 'RAM 6GB', '352', '2015-02-05', 'ddr3', '1333mhz', '', 1, 12),
(18, '23523', 'RAM 8GB', 'GTH-6325-66', '2013-10-05', 'ddr2', '533Mhz', 'SO-DIMM', 1, 1),
(19, '1548', 'Ploter', '5264384', '2013-05-31', '', '', '', 1, 2),
(20, '3456457567', 'karta sieciowa', 'wvb3324', '2013-11-08', 'Gigabit Ethernet', '', '', 1, 11),
(21, '4187486', 'karta SCSI', 'sgsdfh-2131', '2013-12-13', '', '', '', 1, 5),
(22, '05648987', 'karta dĹşwiÄkowa', 'voi-37525', '2014-01-24', '', '', '', 1, 1),
(23, '253675634', 'touchpad', 'gd435jhg', '2015-06-26', 'czarny', '', '', 1, 8),
(24, '654732143', 'trackpoint', 'sadfsh4352', '2013-10-25', '', '', '', 1, 8),
(25, '354325324', 'Matryca dotykowa', 'cxvf324041', '2013-09-07', '17,1', '', '', 1, 6),
(26, '34647658', 'GĹoĹniki', 'nju8974gcb', '2013-09-08', '', '', '', 1, 5),
(27, '241245', 'Panel dotykowy', 'fh4569-97-0', '2013-12-20', '', '', '', 1, 11),
(28, '852369457', 'Modem GSM', 'lnv-666-gsm', '2014-03-21', '', '', '', 1, 14),
(29, '7413698531', 'Bateria', 'fgsd325op', '2013-11-15', '2600mAh', '', '', 1, 14),
(30, '9620003580', 'kamera internetowa', '03589000144463', '2013-11-15', '1.3Mpx', '', '', 1, 9),
(31, '23214456', 'Mikrofon', 'gd7465609-ewrg', '2014-07-19', '', '', '', 1, 8),
(32, '96658514180003', 'Ĺadowarka', '4666gknrj87', '2013-12-06', '', '', '', 1, 7),
(33, '9621892023', 'Port USB', 'fyi853hgj', '2015-04-15', '', '', '', 1, 15),
(34, '094384377474', 'Nagrywarka CD-RW', '09043905999', '2014-09-17', '52x32x52', '', '', 1, 6),
(35, '75756433', 'Karta dĹşwiÄkowa', '45634555', '2014-11-05', '', '', '', 1, 9),
(36, '757657577', 'Dysk SSD', '7567334512', '2013-12-21', '128GB', '', '', 1, 1),
(37, '7856732233', 'Radiator', '078900065333', '2013-07-12', 'Y3100', '', '', 1, 1),
(38, '575345345', 'Klapa matrycy', '56777444', '2013-07-24', 'Pavillion ze4145', '', '', 1, 8),
(39, '7855534446', 'Zawiasy', '87934274298', '2013-11-23', 'X50 SL', '', '', 1, 4),
(40, '3945838453', 'KieszeĹ dysku', 'FHS8U2H3J4J46777', '2013-10-09', 'Satellite A200', '', '', 1, 5),
(41, '9238427347', 'ModuĹ Bluetooth', 'ggg829384jjk23', '2014-01-18', 'USB 3.0', 'MacBook Pro', '', 1, 13),
(42, '84355667', 'ZaĹlepka dysku', 'fd8234ifk29', '2014-01-29', 'VAIO VGN234849', '', '', 1, 9),
(43, '4984925455', 'TaĹma matrycy', '20205200004745', '2014-01-29', 'Think Pad T61', '', '', 1, 14),
(44, '2222', 'Dwojka', '222222', '2013-05-20', '2', '22', '222', 4, 21),
(45, '1111', 'Jed', '11111', '2013-05-20', '', '', '', 4, 18),
(46, '5555', 'Pięć', '55555', '2013-05-20', '', '', '', 4, 17),
(48, '11111', 'Akuku', '11111111', '2013-05-23', 'as', 'asda', 'dsa', 4, 27),
(49, '12345', 'Kolejka', '54321', '2013-05-23', '', '', '', 4, 28),
(50, '888', 'osiem', '888', '2013-05-24', 'asd', '', '', 4, 13),
(51, '9999', 'Dziewięć', '9999', '2013-05-24', '9', '99', '', 4, 4),
(52, '3333', 'trzy', '3333', '2013-05-24', 'czy', 'czysta', '', 4, 20),
(53, '123', 'Mała Kolejka', '123', '2013-05-23', '1', '23', '3', 4, 21);

-- --------------------------------------------------------

--
-- Table structure for table `firma`
--

CREATE TABLE IF NOT EXISTS `firma` (
  `id_firma` int(11) NOT NULL AUTO_INCREMENT,
  `nazwa` varchar(45) NOT NULL,
  `ulica` varchar(45) NOT NULL,
  `nr_domu` varchar(10) NOT NULL,
  `nr_mieszkania` varchar(10) DEFAULT NULL,
  `Nip` varchar(10) NOT NULL,
  `telefon_1` varchar(20) DEFAULT NULL,
  `telefon_2` varchar(20) DEFAULT NULL,
  `e_mail` varchar(45) DEFAULT NULL,
  `MIASTA_ID_MIASTA` int(11) NOT NULL,
  PRIMARY KEY (`id_firma`),
  UNIQUE KEY `id_firma_UNIQUE` (`id_firma`),
  KEY `fk_firma_MIASTA1_idx` (`MIASTA_ID_MIASTA`)
) ENGINE=InnoDB  DEFAULT CHARSET=latin2 AUTO_INCREMENT=12 ;

--
-- Dumping data for table `firma`
--

INSERT INTO `firma` (`id_firma`, `nazwa`, `ulica`, `nr_domu`, `nr_mieszkania`, `Nip`, `telefon_1`, `telefon_2`, `e_mail`, `MIASTA_ID_MIASTA`) VALUES
(1, 'Firma Bolka', 'Centralna', '12a', '2', '2232211213', '(52)123 44 55 6', '12345678', 'adres@domena.pl', 2),
(2, 'Golden Product', 'Centralna', '2x', '', '234', '1213', '787', 'adres@impuls.pl', 1),
(3, 'SpĂłĹex', 'SpĂłĹkowa', '6', '', '685329147', '689541325', '', 'kontakt@spolex.com', 6),
(4, 'Handluj tanio', 'OszczÄdna', '1', '1', '325698', '25631', '11548', 'handluj@tanio.pl', 12),
(5, 'Donut', 'Ignaszewska', '9a', '2', '369852147', '8789425', '2438545', 'dunyt@wp.pl', 9),
(6, 'Vision', 'Klakiera', '12', '', '36844315', '965824', '', 'vision@visio.pl', 13),
(7, 'Zenit', 'Polska', '34A', '17', '98521462', '987546', '', 'mail@zenit.pl', 1),
(8, 'PhytoPharma', 'Apteczna', '78', '', '85234793', '661665', '', 'apteka@pharma.com', 9),
(9, 'MicroTeva', 'Teski', '96', '', '159357258', '15963274', '', '', 4),
(10, 'RedChoice', 'TaĹmowa', '32', '11', '9513287', '3256479', '', 'choice@red.com', 11),
(11, 'WooleyJumpers', 'Barania', '3', '3', '963852741', '(48) 5483178', '', 'jumpers@irish.ie', 4);

-- --------------------------------------------------------

--
-- Table structure for table `grupa_klienta`
--

CREATE TABLE IF NOT EXISTS `grupa_klienta` (
  `idgrupa_klienta` int(11) NOT NULL AUTO_INCREMENT,
  `nazwa` varchar(45) NOT NULL,
  `uwagi_1` text,
  `uwagi_2` text,
  PRIMARY KEY (`idgrupa_klienta`),
  UNIQUE KEY `idgrupa_klienta_UNIQUE` (`idgrupa_klienta`)
) ENGINE=InnoDB  DEFAULT CHARSET=latin2 AUTO_INCREMENT=4 ;

--
-- Dumping data for table `grupa_klienta`
--

INSERT INTO `grupa_klienta` (`idgrupa_klienta`, `nazwa`, `uwagi_1`, `uwagi_2`) VALUES
(1, 'grupa1', 'To jest grupa ochotnikĂłw', 'Pracuje za free'),
(2, 'grupa2', 'To jest grupa kierownikĂłw', 'Zgarnia duĹźa kasÄ'),
(3, 'grupa3', 'To jest grupa profesorĂłw zwyczajnych ', 'UdajÄ, Ĺźe coĹ wiedzÄ');

-- --------------------------------------------------------

--
-- Table structure for table `klient`
--

CREATE TABLE IF NOT EXISTS `klient` (
  `idklient` int(11) NOT NULL AUTO_INCREMENT,
  `imie` varchar(20) NOT NULL,
  `nazwisko` varchar(35) NOT NULL,
  `telefon` varchar(15) NOT NULL,
  `nip` varchar(10) NOT NULL,
  `ulica` varchar(45) NOT NULL,
  `nr_domu` varchar(4) NOT NULL,
  `nr_mieszkania` int(11) DEFAULT NULL,
  `uwagi_1` text,
  `uwagi_2` text,
  `idgrupa_klienta` int(11) NOT NULL,
  `MIASTA_ID_MIASTA` int(11) NOT NULL,
  `firma_id_firma` int(11) NOT NULL,
  PRIMARY KEY (`idklient`),
  KEY `fk_klient_grupa_klienta_idx` (`idgrupa_klienta`),
  KEY `fk_klient_MIASTA1_idx` (`MIASTA_ID_MIASTA`),
  KEY `fk_klient_firma1_idx` (`firma_id_firma`)
) ENGINE=InnoDB  DEFAULT CHARSET=latin2 AUTO_INCREMENT=11 ;

--
-- Dumping data for table `klient`
--

INSERT INTO `klient` (`idklient`, `imie`, `nazwisko`, `telefon`, `nip`, `ulica`, `nr_domu`, `nr_mieszkania`, `uwagi_1`, `uwagi_2`, `idgrupa_klienta`, `MIASTA_ID_MIASTA`, `firma_id_firma`) VALUES
(1, 'Jacek', 'Ĺmietanowski', '12345', '123333', 'Konopna', '22', 88, '', '', 2, 2, 1),
(2, 'Hedwiga', 'JaniĹska', '8532431', '851236988', 'TomaszĂłw', '3', 0, '', '', 1, 3, 9),
(3, 'Roman', 'Szkic', '322556874', '147411716', 'PoznaĹska', '15', 3, '', '', 1, 1, 3),
(4, 'Tomasz', 'RomaĹski', '774123665', '4781483335', 'Bydgoska', '9', 12, '', '', 1, 1, 10),
(5, 'ElĹźbieta', 'KieĹ', '774123665', '4781483335', 'Ugory', '23', 9, '', '', 1, 1, 10),
(6, 'Magdalena', 'KoĹchos', '774123665', '4781483335', 'GĹĂłwna', '1', 0, '', '', 1, 6, 4),
(7, 'Ireneusz', 'Krosny', '15324785', '874152174', 'Niema', '3', 9, '', '', 1, 12, 11),
(8, 'Jan', 'Olgierd', '36981224', '784512369', 'DobrzaĹska', '3', 9, '', '', 1, 13, 6),
(9, 'Henryk', 'TomaĹski', '7897441', '5168468787', 'Jankowska', '3', 19, '', '', 1, 5, 5),
(10, 'Jerzy', 'MiĹosiĹski', '852314555', '4848431837', 'GdyĹska', '8', 8, '', '', 1, 12, 3);

-- --------------------------------------------------------

--
-- Table structure for table `magazyn`
--

CREATE TABLE IF NOT EXISTS `magazyn` (
  `idmagazyn` int(11) NOT NULL AUTO_INCREMENT,
  `nazwa` varchar(45) NOT NULL,
  `kod_magazynu` varchar(45) NOT NULL,
  `uwagi_1` text,
  `uwagi_2` text,
  `uwagi_3` text,
  PRIMARY KEY (`idmagazyn`),
  UNIQUE KEY `idmagazyn_UNIQUE` (`idmagazyn`)
) ENGINE=InnoDB  DEFAULT CHARSET=latin2 AUTO_INCREMENT=10 ;

--
-- Dumping data for table `magazyn`
--

INSERT INTO `magazyn` (`idmagazyn`, `nazwa`, `kod_magazynu`, `uwagi_1`, `uwagi_2`, `uwagi_3`) VALUES
(1, 'Magazyn 1', '12-w-q-23', 'Magazyn w budynku A', 'CzÄĹci elektroniczne', ''),
(2, 'Magazyn 3', 'mag-3-12-34-5', 'CzÄĹci samochodowe', '', ''),
(6, 'Magazyn UrzÄdzeĹ', '85214', '', '', ''),
(7, 'Magazyn CzÄĹci', 'CZ-95-2', '', '', ''),
(8, 'Magazyn NarzÄdzi', '15-NA-13', '', '', ''),
(9, 'ŻADEN', '', NULL, NULL, NULL);

-- --------------------------------------------------------

--
-- Table structure for table `miasta`
--

CREATE TABLE IF NOT EXISTS `miasta` (
  `ID_MIASTA` int(11) NOT NULL AUTO_INCREMENT,
  `Miasto` varchar(45) NOT NULL,
  `KOD_P` varchar(6) NOT NULL,
  `WOJEWODZTWA_ID_WOJEWODZTWA` int(11) NOT NULL,
  PRIMARY KEY (`ID_MIASTA`),
  UNIQUE KEY `ID_MIASTA_UNIQUE` (`ID_MIASTA`),
  KEY `fk_MIASTA_WOJEWODZTWA1_idx` (`WOJEWODZTWA_ID_WOJEWODZTWA`)
) ENGINE=InnoDB  DEFAULT CHARSET=latin2 AUTO_INCREMENT=14 ;

--
-- Dumping data for table `miasta`
--

INSERT INTO `miasta` (`ID_MIASTA`, `Miasto`, `KOD_P`, `WOJEWODZTWA_ID_WOJEWODZTWA`) VALUES
(1, 'Bydgoszcz', '', 2),
(2, 'ToruĹ', '', 2),
(3, 'WĹocĹawek', '', 2),
(4, 'PoznaĹ', '', 3),
(5, 'Niemcz', '', 2),
(6, 'Tryszczyn', '', 2),
(7, 'Tle?', '', 2),
(9, 'Barcin', '', 2),
(10, 'TleĹ', '', 2),
(11, 'Nowe nad wislš', '', 2),
(12, 'GdaĹsk', '', 1),
(13, 'CheĹmno', '', 2);

-- --------------------------------------------------------

--
-- Table structure for table `narzedzie`
--

CREATE TABLE IF NOT EXISTS `narzedzie` (
  `idnarzedzie` int(11) NOT NULL AUTO_INCREMENT,
  `nazwa` varchar(45) DEFAULT NULL,
  `parametr_1` varchar(45) DEFAULT NULL,
  `parametr_2` varchar(45) DEFAULT NULL,
  `stan_zuzycia` varchar(45) DEFAULT NULL,
  `polka_idpolka` int(11) NOT NULL,
  PRIMARY KEY (`idnarzedzie`),
  UNIQUE KEY `idnarzedzie_UNIQUE` (`idnarzedzie`),
  KEY `fk_narzedzie_polka1_idx` (`polka_idpolka`)
) ENGINE=InnoDB  DEFAULT CHARSET=latin2 AUTO_INCREMENT=3 ;

--
-- Dumping data for table `narzedzie`
--

INSERT INTO `narzedzie` (`idnarzedzie`, `nazwa`, `parametr_1`, `parametr_2`, `stan_zuzycia`, `polka_idpolka`) VALUES
(1, 'wiertarka', 'wiert-1', 'w-22-1', 'nowa', 2),
(2, 'lutownica', 'par1', 'par2', 'poĹowa wartoĹci', 2);

-- --------------------------------------------------------

--
-- Table structure for table `polka`
--

CREATE TABLE IF NOT EXISTS `polka` (
  `idpolka` int(11) NOT NULL AUTO_INCREMENT,
  `nazwa` varchar(45) NOT NULL,
  `kod_polki` varchar(45) NOT NULL,
  `uwaga_1` text,
  `uwaga_2` text,
  `regal_idregal` int(11) NOT NULL,
  PRIMARY KEY (`idpolka`),
  UNIQUE KEY `idpolka_UNIQUE` (`idpolka`),
  KEY `fk_polka_regal1_idx` (`regal_idregal`)
) ENGINE=InnoDB  DEFAULT CHARSET=latin2 AUTO_INCREMENT=33 ;

--
-- Dumping data for table `polka`
--

INSERT INTO `polka` (`idpolka`, `nazwa`, `kod_polki`, `uwaga_1`, `uwaga_2`, `regal_idregal`) VALUES
(1, 'PĂłĹka 1', 'p-11-22-wq', '', '', 1),
(2, 'PĂłĹka 1-1', 'P-23-11-2-3', '', '', 1),
(3, 'PĂłĹka 2', 'ppp-22-11-wq-33', '', '', 3),
(5, 'PĂłĹka 3', 'urz-01-01', '', '', 14),
(7, 'PĂłĹka 4', 'urz-01-02', '', '', 14),
(8, 'PĂłĹka 5', 'urz-01-03', '', '', 14),
(9, 'PĂłĹka 6', 'urz-02-01', '', '', 15),
(10, 'PĂłĹka 7', 'urz-02-02', '', '', 15),
(11, 'PĂłĹka 8', 'urz-02-03', '', '', 15),
(12, 'PĂłĹka 9', 'urz-03-01', '', '', 16),
(13, 'PĂłĹka 10', 'urz-03-02', '', '', 16),
(14, 'PĂłĹka 11', 'urz-03-03', '', '', 16),
(15, 'PĂłĹka 12', 'urz-04-01', '', '', 17),
(16, 'PĂłĹka 13', 'urz-04-02', '', '', 17),
(17, 'PĂłĹka 14', 'urz-04-03', '', '', 17),
(18, 'PĂłĹka 15', 'cz-01-01', '', '', 18),
(19, 'PĂłĹka 16', 'cz-01-02', '', '', 18),
(20, 'PĂłĹka 17', 'cz-02-01', '', '', 19),
(21, 'PĂłĹka 18', 'cz-02-02', '', '', 19),
(22, 'PĂłĹka 19', 'cz-03-01', '', '', 20),
(23, 'PĂłĹka 20', 'cz-03-02', '', '', 20),
(24, 'PĂłĹka 21', 'nrz-01-01', '', '', 21),
(25, 'PĂłĹka 22', 'nrz-01-02', '', '', 21),
(26, 'PĂłĹka 23', 'nrz-02-01', '', '', 22),
(27, 'PĂłĹka 24', 'nrz-02-02', '', '', 22),
(28, 'PĂłĹka 25', 'nrz-03-01', '', '', 23),
(29, 'PĂłĹka 26', 'nrz-03-02', '', '', 23),
(30, 'PĂłĹka 27', 'nrz-03-03', '', '', 23),
(32, 'ŻADNA', '', NULL, NULL, 24);

-- --------------------------------------------------------

--
-- Table structure for table `pracownik`
--

CREATE TABLE IF NOT EXISTS `pracownik` (
  `idpracownik` int(11) NOT NULL AUTO_INCREMENT,
  `id_karty` varchar(45) DEFAULT NULL,
  `imie` varchar(45) DEFAULT NULL,
  `nazwisko` varchar(45) DEFAULT NULL,
  `stanowisko` varchar(45) DEFAULT NULL,
  `uwagi_1` varchar(45) DEFAULT NULL,
  `uwagi_2` varchar(45) DEFAULT NULL,
  `stanowisko_idstanowisko` int(11) NOT NULL,
  PRIMARY KEY (`idpracownik`),
  KEY `fk_pracownik_stanowisko1_idx` (`stanowisko_idstanowisko`)
) ENGINE=InnoDB  DEFAULT CHARSET=latin2 AUTO_INCREMENT=12 ;

--
-- Dumping data for table `pracownik`
--

INSERT INTO `pracownik` (`idpracownik`, `id_karty`, `imie`, `nazwisko`, `stanowisko`, `uwagi_1`, `uwagi_2`, `stanowisko_idstanowisko`) VALUES
(1, '123', 'Jan', 'Kowalski', NULL, '', '', 1),
(2, '35', 'Hanna', 'Rozmowna', NULL, '', '', 2),
(3, '9', 'Tomasz', 'IksiĹski', NULL, '', '', 1),
(4, '8', 'Urszula', 'Janowska', NULL, '', '', 1),
(5, '67', 'PrzemysĹaw', 'Kotwica', NULL, '', '', 1),
(6, '99', 'Janina', 'Nogalska', NULL, '', '', 1),
(7, '4', 'Tomasz', 'Jankowski', NULL, '', '', 1),
(8, '4', 'Krzysztof', 'Nogalski', NULL, '', '', 1),
(9, '7', 'Teresa', 'Maria', NULL, '', '', 1),
(10, '5', 'PaweĹ', 'PaweĹczak', NULL, '', '', 1),
(11, '6', 'Jan', 'Maria', NULL, '', '', 1);

-- --------------------------------------------------------

--
-- Table structure for table `producenci`
--

CREATE TABLE IF NOT EXISTS `producenci` (
  `ID_PRODUCENCI` int(11) NOT NULL AUTO_INCREMENT,
  `PRODUCENT` varchar(45) NOT NULL,
  PRIMARY KEY (`ID_PRODUCENCI`),
  UNIQUE KEY `ID_PRODUCENCI_UNIQUE` (`ID_PRODUCENCI`),
  UNIQUE KEY `PRODUCENT_UNIQUE` (`PRODUCENT`)
) ENGINE=InnoDB  DEFAULT CHARSET=latin2 AUTO_INCREMENT=29 ;

--
-- Dumping data for table `producenci`
--

INSERT INTO `producenci` (`ID_PRODUCENCI`, `PRODUCENT`) VALUES
(28, 'AAA'),
(7, 'Acer'),
(13, 'Apple'),
(4, 'Asus'),
(21, 'Azot'),
(20, 'azoty'),
(27, 'bar'),
(18, 'Bubelek z o.o.'),
(16, 'Bubelowski S.A.'),
(17, 'Bublownik Company'),
(15, 'Compaq'),
(6, 'Dell'),
(11, 'Fujitsu'),
(8, 'Hewlett Packard'),
(10, 'Intel'),
(14, 'Lenovo'),
(2, 'MSI'),
(12, 'Packard Bell'),
(3, 'producent'),
(1, 'Samsung'),
(9, 'Sony'),
(5, 'Toshiba'),
(19, 'Trojka');

-- --------------------------------------------------------

--
-- Table structure for table `regal`
--

CREATE TABLE IF NOT EXISTS `regal` (
  `idregal` int(11) NOT NULL AUTO_INCREMENT,
  `nazwa` varchar(45) NOT NULL,
  `kod_regalu` varchar(45) NOT NULL,
  `uwagi_1` text,
  `uwagi_2` text,
  `magazyn_idmagazyn` int(11) NOT NULL,
  PRIMARY KEY (`idregal`),
  UNIQUE KEY `idregal_UNIQUE` (`idregal`),
  KEY `fk_regal_magazyn1_idx` (`magazyn_idmagazyn`)
) ENGINE=InnoDB  DEFAULT CHARSET=latin2 AUTO_INCREMENT=25 ;

--
-- Dumping data for table `regal`
--

INSERT INTO `regal` (`idregal`, `nazwa`, `kod_regalu`, `uwagi_1`, `uwagi_2`, `magazyn_idmagazyn`) VALUES
(1, 'RegaĹ 1', 'reg-23-11-2-3', '', '', 1),
(2, 'RegaĹ 2', 'R-12-23-4', '', '', 1),
(3, 'RegaĹ 3', 'p-22-11-wq-33', '', '', 2),
(14, 'RegaĹ 4', 'urz-01', '', '', 6),
(15, 'RegaĹ 5', 'urz-02', '', '', 6),
(16, 'RegaĹ 6', 'urz-03', '', '', 6),
(17, 'RegaĹ 7', 'urz-04', '', '', 6),
(18, 'RegaĹ 8', 'cz-01', '', '', 7),
(19, 'RegaĹ 9', 'cz-02', '', '', 7),
(20, 'RegaĹ 10', 'cz-03', '', '', 7),
(21, 'RegaĹ 11', 'nrz-01', '', '', 8),
(22, 'RegaĹ 12', 'nrz-02', '', '', 8),
(23, 'RegaĹ 13', 'nrz-03', '', '', 8),
(24, 'ŻADEN', '', NULL, NULL, 9);

-- --------------------------------------------------------

--
-- Table structure for table `rodzaj_zlecenia`
--

CREATE TABLE IF NOT EXISTS `rodzaj_zlecenia` (
  `idrodzaj_zlecenia` int(11) NOT NULL AUTO_INCREMENT,
  `nazwa` varchar(45) DEFAULT NULL,
  `uwaga_1` varchar(45) DEFAULT NULL,
  `uwaga_2` varchar(45) DEFAULT NULL,
  PRIMARY KEY (`idrodzaj_zlecenia`)
) ENGINE=InnoDB  DEFAULT CHARSET=latin2 AUTO_INCREMENT=8 ;

--
-- Dumping data for table `rodzaj_zlecenia`
--

INSERT INTO `rodzaj_zlecenia` (`idrodzaj_zlecenia`, `nazwa`, `uwaga_1`, `uwaga_2`) VALUES
(1, 'naprawa pĹyty gĹĂłwnej', '', ''),
(2, 'naprawa karty graficznej', '', ''),
(3, 'wymiana matrycy', '', ''),
(4, 'serwis gwarancyjny', '', ''),
(5, 'naprawa HDD', '', ''),
(6, 'reinstalacja systemu', '', ''),
(7, 'naprawa napÄdu ', '', '');

-- --------------------------------------------------------

--
-- Table structure for table `stanowisko`
--

CREATE TABLE IF NOT EXISTS `stanowisko` (
  `idstanowisko` int(11) NOT NULL AUTO_INCREMENT,
  `nazwa` varchar(45) NOT NULL,
  `uwagi_1` text,
  `uwagi_2` text,
  PRIMARY KEY (`idstanowisko`),
  UNIQUE KEY `idstanowisko_UNIQUE` (`idstanowisko`)
) ENGINE=InnoDB  DEFAULT CHARSET=latin2 AUTO_INCREMENT=3 ;

--
-- Dumping data for table `stanowisko`
--

INSERT INTO `stanowisko` (`idstanowisko`, `nazwa`, `uwagi_1`, `uwagi_2`) VALUES
(1, 'Serwisant', ' ', ' '),
(2, 'Konsultant telefoniczny', ' ', ' ');

-- --------------------------------------------------------

--
-- Table structure for table `stan_czesci`
--

CREATE TABLE IF NOT EXISTS `stan_czesci` (
  `idstan` int(11) NOT NULL AUTO_INCREMENT,
  `data_przyjecia` date NOT NULL,
  `termin_gwarancji` date DEFAULT NULL,
  `ilosc` int(11) NOT NULL,
  `jednostka_miary` varchar(3) NOT NULL,
  `uwagi_1` text,
  `uwagi_2` text,
  `czesc_idczesci` int(11) NOT NULL,
  `polka_idpolka` int(11) NOT NULL,
  PRIMARY KEY (`idstan`),
  UNIQUE KEY `idstan_UNIQUE` (`idstan`),
  KEY `fk_stan_czesci_czesc1_idx` (`czesc_idczesci`),
  KEY `fk_stan_czesci_polka1_idx` (`polka_idpolka`)
) ENGINE=InnoDB  DEFAULT CHARSET=latin2 AUTO_INCREMENT=60 ;

--
-- Dumping data for table `stan_czesci`
--

INSERT INTO `stan_czesci` (`idstan`, `data_przyjecia`, `termin_gwarancji`, `ilosc`, `jednostka_miary`, `uwagi_1`, `uwagi_2`, `czesc_idczesci`, `polka_idpolka`) VALUES
(1, '2013-04-16', NULL, 3, 'cm', '', '', 1, 2),
(2, '2013-04-25', '2015-05-09', 23, 'GB', '', '', 4, 18),
(3, '2013-04-28', '2015-03-10', 15, 'cal', '', '', 5, 19),
(4, '2013-03-21', '2015-06-19', 30, '''', '', '', 6, 20),
(5, '2013-03-21', '2015-06-19', 100, 'GB', '', '', 7, 21),
(6, '2013-02-21', '2015-01-20', 4, '.', '', '', 8, 22),
(7, '2013-02-21', '2015-01-20', 6, 'Hz', '', '', 9, 23),
(8, '2012-12-05', '2014-09-03', 9, 'Hz', '', '', 10, 23),
(9, '2013-03-10', '2015-04-10', 162, 'cm', '', '', 11, 18),
(10, '2013-03-31', '2015-04-07', 3, 'GB', '', '', 12, 19),
(11, '2013-04-11', '2015-05-14', 3, 'GB', '', '', 13, 20),
(12, '2013-04-11', '2015-05-14', 9, 'cal', '', '', 14, 22),
(13, '2013-05-09', '2015-05-09', 329, 'cal', '', '', 15, 21),
(14, '2013-02-13', '2014-12-16', 4, 'V', '', '', 16, 18),
(15, '2013-02-24', '2014-12-28', 5, 'GB', '', '', 17, 23),
(16, '2013-02-24', '2014-12-28', 2, 'GB', '', '', 18, 23),
(17, '2012-08-21', '2014-07-15', 2, 'GB', '', '', 19, 22),
(18, '2013-02-03', '2014-09-18', 6, 'GB', '', '', 20, 21),
(19, '2013-02-03', '2014-09-18', 2, '.', '', '', 21, 21),
(20, '2013-02-03', '2014-09-18', 8, '.', '', '', 22, 21),
(21, '2013-06-01', '2014-09-20', 8, '.', '', '', 23, 20),
(22, '2013-06-30', '2014-09-08', 106, '.', '', '', 24, 19),
(23, '2013-08-09', '2015-02-14', 4, 'cal', '', '', 25, 19),
(24, '2013-08-09', '2015-02-14', 6, 'par', '', '', 26, 21),
(26, '2012-07-10', '2014-01-10', 5, '.', '', '', 28, 22),
(27, '2012-07-21', '2014-07-12', 10, 'V', '', '', 29, 20),
(28, '2012-07-21', '2014-07-12', 3, 'MPi', '', '', 30, 20),
(29, '2012-07-10', '2014-07-10', 546, '.', '', '', 31, 20),
(30, '2012-07-22', '2014-07-26', 4, 'V', '', '', 32, 18),
(31, '2012-04-10', '2014-04-23', 15, '.', '', '', 33, 18),
(32, '2012-04-10', '2014-04-23', 21, 'obr', '', '', 34, 22),
(33, '2012-04-28', '2014-04-27', 34, '.', '', '', 35, 19),
(34, '2013-05-07', '2015-05-07', 53, 'GB', '', '', 36, 18),
(35, '2013-01-09', '2015-03-02', 4, '.', '', '', 37, 19),
(36, '2012-10-17', '2014-12-09', 9, 'cm', '', '', 38, 20),
(37, '2012-12-14', '2014-07-08', 100, 'cm', '', '', 39, 21),
(38, '2012-12-14', '2014-07-08', 70, 'cm', '', '', 40, 22),
(39, '2012-12-30', '2014-09-13', 18, '.', '', '', 41, 23),
(40, '2013-02-16', '2014-11-08', 50, 'cm', '', '', 42, 18),
(41, '2013-02-24', '2014-11-28', 120, 'cm', '', '', 43, 19),
(43, '2013-05-19', '2013-10-05', 5, 'szt', '555', '5555', 18, 32),
(44, '2013-05-19', '2013-10-05', 1, 'szt', '555', '5555', 18, 32),
(45, '2013-05-19', '2013-10-05', 3, 'szt', '555', '5555', 18, 32),
(46, '2013-05-20', '2014-01-24', 12, 'szt', '4*3', '3333', 22, 32),
(47, '2013-05-20', '2013-11-08', 3, 'szt', '23', '123', 20, 32),
(48, '2013-05-20', '2013-05-20', 22, 'szt', '21', '321', 44, 32),
(49, '2013-05-20', '2013-05-20', 4, 'szt', '4a', '4b', 44, 32),
(50, '2013-05-20', '2013-05-20', 11, 'szt', '1', '11', 45, 32),
(51, '2013-05-20', '2013-05-20', 5, 'szt', '5', '55', 46, 32),
(53, '2013-05-23', '2013-05-23', 21, 'szt', 'a', '', 48, 32),
(54, '2013-05-23', '2013-05-23', 22, 'szt', 'nowe', '', 49, 32),
(55, '2013-05-24', '2013-05-23', 43, 'szt', '21', '21', 49, 32),
(56, '2013-05-24', '2013-05-31', 11, 'szt', 'czarno bialy', '', 19, 32),
(57, '2013-05-24', '2013-05-24', 221, 'szt', '12', '', 50, 32),
(58, '2013-05-24', '2013-05-24', 9, 'szt', '999', '9', 51, 32),
(59, '2013-05-24', '2013-05-24', 12, 'szt', 'czysta czy', '', 52, 32);

-- --------------------------------------------------------

--
-- Table structure for table `stan_urzadzania`
--

CREATE TABLE IF NOT EXISTS `stan_urzadzania` (
  `idstan_urzadzania` int(11) NOT NULL AUTO_INCREMENT,
  `ilosc` int(11) NOT NULL,
  `jednostka_miary` varchar(3) NOT NULL,
  `uwagi_1` text,
  `uwagi_2` text,
  `urzadzenie_idurzadzenia` int(11) NOT NULL,
  `polka_idpolka` int(11) NOT NULL,
  PRIMARY KEY (`idstan_urzadzania`),
  UNIQUE KEY `idstan_urzadzania_UNIQUE` (`idstan_urzadzania`),
  UNIQUE KEY `urzadzenie_idurzadzenia_UNIQUE` (`urzadzenie_idurzadzenia`),
  KEY `fk_stan_urzadzania_urzadzenie1_idx` (`urzadzenie_idurzadzenia`),
  KEY `fk_stan_urzadzania_polka1_idx` (`polka_idpolka`)
) ENGINE=InnoDB DEFAULT CHARSET=latin2 AUTO_INCREMENT=1 ;

-- --------------------------------------------------------

--
-- Table structure for table `urzadzenie`
--

CREATE TABLE IF NOT EXISTS `urzadzenie` (
  `idurzadzenia` int(11) NOT NULL AUTO_INCREMENT,
  `kod_kreskowy` varchar(45) NOT NULL,
  `rodzaj` varchar(45) DEFAULT NULL,
  `nr_seryjny` varchar(45) DEFAULT NULL,
  `data_przyjecia` date NOT NULL,
  `data_zwrotu_planowana` date NOT NULL,
  `data_zwrotu` date DEFAULT NULL,
  `uwagi_1` text,
  `uwagi_2` text,
  `klient_idklient` int(11) NOT NULL,
  `PRODUCENCI_ID_PRODUCENCI` int(11) NOT NULL,
  PRIMARY KEY (`idurzadzenia`),
  UNIQUE KEY `idurzadzenia_UNIQUE` (`idurzadzenia`),
  UNIQUE KEY `kod_kreskowy_UNIQUE` (`kod_kreskowy`),
  UNIQUE KEY `nr_seryjny_UNIQUE` (`nr_seryjny`),
  KEY `fk_urzadzenie_klient1_idx` (`klient_idklient`),
  KEY `fk_urzadzenie_PRODUCENCI1_idx` (`PRODUCENCI_ID_PRODUCENCI`)
) ENGINE=InnoDB  DEFAULT CHARSET=latin2 AUTO_INCREMENT=63 ;

--
-- Dumping data for table `urzadzenie`
--

INSERT INTO `urzadzenie` (`idurzadzenia`, `kod_kreskowy`, `rodzaj`, `nr_seryjny`, `data_przyjecia`, `data_zwrotu_planowana`, `data_zwrotu`, `uwagi_1`, `uwagi_2`, `klient_idklient`, `PRODUCENCI_ID_PRODUCENCI`) VALUES
(1, '1234', 'laptop', 'FG34hj', '2013-04-01', '2013-04-30', '0000-05-01', '', '', 1, 1),
(2, '456', 'laptop', 'swe23', '2013-04-01', '2013-04-16', '0000-05-01', '', '', 1, 6),
(3, '48618963', 'laptop', 'fdg4361654', '2013-05-09', '2013-05-31', '2013-05-24', '', '', 6, 12),
(4, '68715354', 'laptop', '684-hgf456-lhkg-83', '2013-05-01', '2013-05-17', '2013-05-31', '', '', 10, 8),
(5, '97422', 'laptop', '8521248675g-kh7', '2013-02-07', '2013-02-28', '2013-05-03', '', '', 2, 14),
(6, '962144', 'laptop', '5841871', '2013-04-10', '2013-05-23', '2013-05-23', '', '', 5, 1),
(7, '87441', 'laptop', '343418', '2013-04-17', '2013-05-30', '2013-05-29', '', '', 10, 5),
(8, '51743', 'laptop', '3418771', '2013-04-17', '2013-05-16', '2013-05-28', '', '', 7, 5),
(10, '6745', 'laptop', '346547', '2013-03-06', '2013-04-11', '2013-04-10', '', '', 4, 13),
(11, '69782', 'laptop', '436h657', '2013-04-18', '2013-05-15', '2013-05-23', '', '', 9, 13),
(12, '45634', 'laptop', 'fdh56272', '2013-04-03', '2013-05-03', '2013-05-02', '', '', 3, 6),
(13, '3632213', 'laptop', 'hrtdh45', '2013-04-27', '2013-05-16', '2013-05-28', '', '', 7, 2),
(15, '45634573', 'laptop', 'gh5675y6g', '2013-02-06', '2013-04-13', '2013-04-23', '', '', 2, 4),
(16, '5654366543', 'laptop', 'h6rt45', '2013-03-07', '2013-04-13', '2013-04-09', '', '', 3, 8),
(17, '43664', 'laptop', 'hrt546', '2013-03-22', '2013-04-25', '2013-04-30', '', '', 4, 7),
(18, '452324324', 'laptop', 'ghjpui6', '2013-03-22', '2013-04-25', '2013-04-30', '', '', 6, 15),
(19, '43257978', 'laptop', 'muuryn6', '2013-03-31', '2013-04-28', '2013-05-05', '', '', 10, 15),
(20, '41832964', 'laptop', 'dfghtyi-43576gdf-gh', '2013-04-20', '2013-05-01', '2013-05-03', '', '', 10, 13),
(21, '768951243', 'laptop', 'tyjf674', '2013-04-04', '2013-04-26', '2013-04-26', '', '', 8, 11),
(22, '689780540000', 'laptop', 'kjyhgu895', '2013-04-05', '2013-04-13', '2013-04-10', '', '', 3, 4),
(23, '64377854446576', 'laptop', 'eu546d', '2012-11-06', '2012-12-01', '2012-12-27', '', '', 5, 8),
(24, '45764rtg', 'laptop', 'hfdy563y', '2012-11-21', '2012-12-20', '2013-01-10', '', '', 4, 15),
(25, '67542', 'laptop', 'gbfdtb54', '2012-11-22', '2012-12-23', '2012-12-31', '', '', 9, 6),
(26, '3543645', 'laptop', 'reterb4', '2012-10-15', '2012-11-23', '2012-11-13', '', '', 7, 2),
(27, '5089335', 'laptop', 'puizzzx65', '2012-10-09', '2012-11-30', '2012-12-12', '', '', 6, 8),
(28, '67568', 'laptop', 'fgjdsq 6', '2012-11-09', '2012-12-06', '2012-12-04', '', '', 2, 1),
(29, '4536', 'laptop', 'hgew4', '2012-12-01', '2013-01-18', '2013-01-31', '', '', 8, 5),
(30, '63575546', 'laptop', '567654', '2012-12-12', '2013-02-23', '2013-03-08', '', '', 10, 9),
(31, '32543262', 'laptop', 'ertgsdf', '2013-04-11', '2013-05-24', '2013-05-16', '', '', 1, 9),
(32, '754234', 'laptop', 'fgj456', '2013-04-19', '2013-05-19', '2013-05-31', '', '', 9, 12),
(33, '698465456456', 'laptop', '465546862828', '2013-08-09', '2013-09-13', '2013-08-23', '', '', 8, 1),
(34, '546654545', 'laptop', 'zga29sko0', '2013-04-02', '2013-06-05', '2013-06-05', '', '', 5, 5),
(35, '7438819828', 'laptop', 'aksl2-s00skk', '2013-04-11', '2013-05-02', '2013-05-01', '', '', 3, 9),
(36, '456425255', 'laptop', 'kski29915', '2013-04-27', '2013-07-04', '2013-07-04', '', '', 3, 14),
(37, '66654454555', 'laptop', 'dkslla29102', '2013-05-09', '2013-08-24', '2013-05-12', '', '', 3, 2),
(38, '45455225', 'laptop', 'dls0200', '2013-02-05', '2013-04-03', '2013-05-05', '', '', 3, 2),
(39, '58934759392', 'laptop', 'ssd12815r3', '2013-03-09', '2013-04-03', '2013-03-23', '', '', 3, 12),
(40, '4823974747', 'laptop', 'skskk2999200', '2013-06-14', '2013-06-22', '2013-06-22', '', '', 3, 12),
(41, '847347477', 'laptop', 'trololo29192', '2013-05-16', '2013-06-23', '2013-07-12', '', '', 6, 4),
(42, '938484777', 'laptop', 'agp129-so29-re', '2013-05-06', '2013-06-03', '2013-06-05', '', '', 2, 6),
(43, '7855546622', 'laptop', 'ask1920-eoo2', '2013-05-08', '2013-05-11', '2013-05-10', '', '', 4, 11),
(44, '09292992', 'laptop', 'aes29102', '2013-04-18', '2013-05-25', '2013-05-07', '', '', 7, 15),
(45, '493828484', 'laptop', 'dksl2991w0s', '2013-04-21', '2013-05-08', '2013-05-11', '', '', 1, 4),
(46, '283838', 'laptop', 'slla299s02', '2013-04-17', '2013-04-26', '2013-05-06', '', '', 2, 13),
(47, '492838484', 'laptop', 'kfdlsj23k39', '2012-12-07', '2013-01-09', '2013-01-17', '', '', 8, 4),
(48, '93849238482', 'laptop', 'dsjkajdi2u8s', '2012-12-22', '2013-01-30', '2013-01-31', '', '', 4, 13),
(49, '823482828', 'laptop', 'kjakk301s', '2013-01-02', '2013-01-10', '2013-01-31', '', '', 5, 10),
(50, '94823884', 'laptop', 'fkdsllalk299s', '2013-01-11', '2013-01-14', '2013-01-17', '', '', 6, 2),
(51, '539485388', 'laptop', 'slkk2l2lsp', '2013-01-13', '2013-01-16', '2013-01-14', '', '', 10, 14),
(52, '8429393938', 'laptop', '370R5E', '2013-02-14', '2013-02-15', '2013-01-21', '', '', 8, 1),
(53, '33884', 'laptop', 'askk2ks', '2013-02-16', '2013-02-24', '2013-02-21', '', '', 1, 9),
(54, '5833393993', 'laptop', 'dfsdff', '2013-02-14', '2013-02-15', '2013-03-08', '', '', 2, 15),
(55, '348753475', 'laptop', 'k2l3kk4ll4996', '2013-02-23', '2013-03-08', '2013-03-06', '', '', 5, 11),
(56, '928383829', 'laptop', 'kd2is929s', '2013-02-21', '2013-03-03', '2013-03-30', '', '', 9, 14),
(57, '293829199191', 'laptop', 'jk2kk57k8', '2013-03-09', '2013-03-23', '2013-03-12', '', '', 8, 7),
(58, '45385475', 'laptop', 'sak2ll20002', '2013-03-28', '2013-03-31', '2013-03-28', '', '', 9, 8),
(59, '4982482384', 'laptop', 'kdalk128299', '2013-03-23', '2013-03-30', '2013-03-26', '', '', 4, 10),
(60, '289382883', 'laptop', 'sak299s92', '2013-03-16', '2013-03-18', '2013-03-20', '', '', 5, 12),
(61, '2938482394823', 'laptop', 'lk12l3k9s9', '2013-03-03', '2013-03-05', '2013-03-04', '', '', 7, 13),
(62, '23728383', 'laptop', 'l12lo2ppsp0020', '2013-03-14', '2013-03-15', '2013-04-28', '', '', 10, 6);

-- --------------------------------------------------------

--
-- Table structure for table `v_klient_grupa`
--

CREATE TABLE IF NOT EXISTS `v_klient_grupa` (
  `imie` varchar(20) DEFAULT NULL,
  `nazwisko` varchar(35) DEFAULT NULL,
  `telefon` varchar(15) DEFAULT NULL,
  `nip` varchar(10) DEFAULT NULL,
  `ulica` varchar(45) DEFAULT NULL,
  `nr_domu` varchar(4) DEFAULT NULL,
  `nr_mieszkania` int(11) DEFAULT NULL,
  `uwagi_1` text,
  `uwagi_2` text,
  `nazwa` varchar(45) DEFAULT NULL
) ENGINE=InnoDB DEFAULT CHARSET=latin1;

-- --------------------------------------------------------

--
-- Table structure for table `v_klient_miasta`
--

CREATE TABLE IF NOT EXISTS `v_klient_miasta` (
  `imie` varchar(20) DEFAULT NULL,
  `nazwisko` varchar(35) DEFAULT NULL,
  `telefon` varchar(15) DEFAULT NULL,
  `nip` varchar(10) DEFAULT NULL,
  `ulica` varchar(45) DEFAULT NULL,
  `nr_domu` varchar(4) DEFAULT NULL,
  `nr_mieszkania` int(11) DEFAULT NULL,
  `uwagi_1` text,
  `uwagi_2` text,
  `miasto` varchar(45) DEFAULT NULL
) ENGINE=InnoDB DEFAULT CHARSET=latin1;

-- --------------------------------------------------------

--
-- Table structure for table `v_miasta_firma`
--

CREATE TABLE IF NOT EXISTS `v_miasta_firma` (
  `miasto` varchar(45) DEFAULT NULL,
  `nazwa` varchar(45) DEFAULT NULL,
  `ulica` varchar(45) DEFAULT NULL,
  `nr_domu` varchar(10) DEFAULT NULL,
  `nr_mieszkania` varchar(10) DEFAULT NULL,
  `nip` varchar(10) DEFAULT NULL,
  `telefon_1` varchar(20) DEFAULT NULL,
  `telefon_2` varchar(20) DEFAULT NULL,
  `e_mail` varchar(45) DEFAULT NULL
) ENGINE=InnoDB DEFAULT CHARSET=latin1;

-- --------------------------------------------------------

--
-- Table structure for table `v_pracownik_zlecenie`
--

CREATE TABLE IF NOT EXISTS `v_pracownik_zlecenie` (
  `idpracownik` int(11) DEFAULT NULL,
  `id_karty` varchar(45) DEFAULT NULL,
  `imie` varchar(45) DEFAULT NULL,
  `nazwisko` varchar(45) DEFAULT NULL,
  `stanowisko` varchar(45) DEFAULT NULL,
  `uwagi_1` varchar(45) DEFAULT NULL,
  `uwagi_2` varchar(45) DEFAULT NULL,
  `stanowisko_idstanowisko` int(11) DEFAULT NULL,
  `idzelcenie` int(11) DEFAULT NULL,
  `nazwa` varchar(45) DEFAULT NULL,
  `data_start` date DEFAULT NULL,
  `data_stop` date DEFAULT NULL,
  `data_start_planowana` date DEFAULT NULL,
  `data_stop_planowana` date DEFAULT NULL,
  `uwaga_1` text,
  `uwaga_2` text,
  `rodzaj_zlecenia_idrodzaj_zlecenia` int(11) DEFAULT NULL,
  `pracownik_idpracownik` int(11) DEFAULT NULL,
  `urzadzenie_idurzadzenia` int(11) DEFAULT NULL
) ENGINE=InnoDB DEFAULT CHARSET=latin1;

-- --------------------------------------------------------

--
-- Table structure for table `v_rodzaj_zlecenie`
--

CREATE TABLE IF NOT EXISTS `v_rodzaj_zlecenie` (
  `nazwa_rodzaj` varchar(45) DEFAULT NULL,
  `uwaga_1` varchar(45) DEFAULT NULL,
  `uwaga_2` varchar(45) DEFAULT NULL,
  `nazwa_zlec` varchar(45) DEFAULT NULL,
  `data_start` date DEFAULT NULL
) ENGINE=InnoDB DEFAULT CHARSET=latin1;

-- --------------------------------------------------------

--
-- Table structure for table `wojewodztwa`
--

CREATE TABLE IF NOT EXISTS `wojewodztwa` (
  `ID_WOJEWODZTWA` int(11) NOT NULL AUTO_INCREMENT,
  `wojewodztwo` varchar(25) NOT NULL,
  PRIMARY KEY (`ID_WOJEWODZTWA`),
  UNIQUE KEY `ID_WOJEWODZTWA_UNIQUE` (`ID_WOJEWODZTWA`),
  UNIQUE KEY `wojewodztwo_UNIQUE` (`wojewodztwo`)
) ENGINE=InnoDB  DEFAULT CHARSET=latin2 AUTO_INCREMENT=5 ;

--
-- Dumping data for table `wojewodztwa`
--

INSERT INTO `wojewodztwa` (`ID_WOJEWODZTWA`, `wojewodztwo`) VALUES
(4, 'Karpackie'),
(2, 'kojawsko-pomorskie'),
(1, 'pomorskie'),
(3, 'wielkopolskie');

-- --------------------------------------------------------

--
-- Table structure for table `zdjecie`
--

CREATE TABLE IF NOT EXISTS `zdjecie` (
  `idzdjecie` int(11) NOT NULL AUTO_INCREMENT,
  `opis` text NOT NULL,
  `data_dodania` date NOT NULL,
  `nazwa_pliku` varchar(45) DEFAULT NULL,
  `uwagi_1` varchar(45) DEFAULT NULL,
  `uwagi_2` varchar(45) DEFAULT NULL,
  `czesc_idczesci` int(11) NOT NULL,
  PRIMARY KEY (`idzdjecie`),
  UNIQUE KEY `idzdjecie_UNIQUE` (`idzdjecie`),
  KEY `fk_zdjecie_czesc1_idx` (`czesc_idczesci`)
) ENGINE=InnoDB  DEFAULT CHARSET=latin2 AUTO_INCREMENT=11 ;

--
-- Dumping data for table `zdjecie`
--

INSERT INTO `zdjecie` (`idzdjecie`, `opis`, `data_dodania`, `nazwa_pliku`, `uwagi_1`, `uwagi_2`, `czesc_idczesci`) VALUES
(1, 'Pati', '2013-04-16', 'pati.jpg', '', '', 1),
(2, 'foto 1 pĹyty gĹĂłwnej', '2013-04-02', 'zad_4.pdf', '', '', 1),
(3, 'film', '2013-05-23', 'przycFilmy.png', 'ff', 'f3', 45),
(4, 'slajdy', '2013-05-23', 'DSCF0354.JPG', 'slajd1', 'blabla', 45),
(5, 'kol1', '2013-05-27', 'przycAudio.png', '1', '12', 49),
(6, 'kol2', '2013-05-27', 'DSCF0354.JPG', '22', '23', 49),
(7, 'Trzech muszkieterów', '2013-05-24', 'DSCF0619.JPG', '1', '23', 51),
(8, '', '2013-05-24', 'przycAudio.png', '', '', 51),
(9, 'f1', '2013-05-27', 'przycFilmy.png', '', '', 53),
(10, 'a1', '2013-05-27', 'przycAudio.png', '', '', 53);

-- --------------------------------------------------------

--
-- Table structure for table `zlecenie`
--

CREATE TABLE IF NOT EXISTS `zlecenie` (
  `idzelcenie` int(11) NOT NULL AUTO_INCREMENT,
  `nazwa` varchar(45) NOT NULL,
  `data_start` date DEFAULT NULL,
  `data_stop` date DEFAULT NULL,
  `data_start_planowana` date DEFAULT NULL,
  `data_stop_planowana` date DEFAULT NULL,
  `uwaga_1` text,
  `uwaga_2` text,
  `rodzaj_zlecenia_idrodzaj_zlecenia` int(11) NOT NULL,
  `pracownik_idpracownik` int(11) NOT NULL,
  `urzadzenie_idurzadzenia` int(11) NOT NULL,
  PRIMARY KEY (`idzelcenie`),
  UNIQUE KEY `urzadzenie_idurzadzenia_UNIQUE` (`urzadzenie_idurzadzenia`),
  KEY `fk_zelcenie_rodzaj_zlecenia1_idx` (`rodzaj_zlecenia_idrodzaj_zlecenia`),
  KEY `fk_zlecenie_pracownik1_idx` (`pracownik_idpracownik`),
  KEY `fk_zlecenie_urzadzenie1_idx` (`urzadzenie_idurzadzenia`)
) ENGINE=InnoDB DEFAULT CHARSET=latin2 AUTO_INCREMENT=1 ;

/*!40101 SET CHARACTER_SET_CLIENT=@OLD_CHARACTER_SET_CLIENT */;
/*!40101 SET CHARACTER_SET_RESULTS=@OLD_CHARACTER_SET_RESULTS */;
/*!40101 SET COLLATION_CONNECTION=@OLD_COLLATION_CONNECTION */;
